79. Determine b(41).
51
Let k(f) = f**2 - 123754*f + 989925. Determine k(8).
-43
Let a(t) = t**3 + 20*t**2 - 52*t + 795. Calculate a(-25).
-1030
Let o(u) = 2*u**3 + 144*u**2 + 657*u + 36519. What is o(-71)?
-46
Let d(j) = 20*j**2 + 955*j - 12932. Give d(11).
-7
Let d(m) = 13974*m + 97867. Determine d(-7).
49
Let x(t) = -173008*t - 1384043. Calculate x(-8).
21
Let y(n) = 4078*n - 281493. What is y(69)?
-111
Let c(d) = -d - 2056. What is c(-78)?
-1978
Let a(s) = -152361*s + 2285389. Determine a(15).
-26
Let p(w) = w**3 + 211*w**2 - 28*w - 49924. What is p(-210)?
56
Let v(t) = t**3 + 127*t**2 + 951*t - 124. Determine v(-119).
-5
Let h(v) = 1784*v - 60680. Give h(34).
-24
Let g(a) = -20*a**2 - 76*a - 401. What is g(-5)?
-521
Let q(j) = -172*j**2 + 1736*j - 162. Determine q(10).
-2
Let k(b) = -1665*b - 18704. Determine k(-11).
-389
Let r(g) = 2*g**3 - 530*g**2 + 2120*g + 18. Determine r(4).
146
Let a(t) = -1673*t + 891722. Calculate a(533).
13
Let h(z) = 244752*z + 5139788. Give h(-21).
-4
Let k(n) = -39*n**3 - 128*n**2 - 9*n - 6. Calculate k(-3).
-78
Let b(k) = -k**2 - 9*k - 58. What is b(-22)?
-344
Let b(k) = k**3 + 50*k**2 - 443*k - 26700. What is b(-48)?
-828
Let j(a) = -8*a**3 + 187*a**2 - 7*a + 28. Give j(24).
-3020
Let m(w) = -w**2 + 35491*w + 177486. What is m(-5)?
6
Let u(n) = -4162*n - 8230. Determine u(-2).
94
Let i(x) = -x**3 - 40*x**2 - 249*x - 6160. Give i(-38).
414
Let u(w) = w**3 + 12*w**2 + 22*w - 198. Determine u(-12).
-462
Let f(q) = -q**3 - 40*q**2 + 6*q - 1396. Determine f(-39).
-3151
Let x(h) = h**2 - 185*h + 8832. Give x(68).
876
Let d(c) = c**3 + 758*c**2 + 9686*c + 23. Give d(-13).
10
Let k(b) = -3*b**2 - 2021*b - 35131. Calculate k(-18).
275
Let k(n) = -593*n - 313. Give k(0).
-313
Let z(k) = -61*k**2 + 507*k + 6114. Determine z(15).
-6
Let z(k) = 5*k**2 - 241*k - 3292. Determine z(-14).
1062
Let t(m) = 555521*m - 15554579. What is t(28)?
9
Let z(q) = 2*q**2 - 55*q + 376. Calculate z(51).
2773
Let u(d) = 7467*d - 149342. Calculate u(20).
-2
Let b(d) = 2*d**2 - 4*d - 188. Calculate b(21).
610
Let r(v) = -1163*v + 96562. Give r(83).
33
Let b(u) = 68147*u + 204483. Determine b(-3).
42
Let k(b) = 2*b**3 - 349*b**2 + 1311*b - 19515. Give k(171).
-21
Let j(x) = -3*x**2 - 266*x - 530. Give j(-2).
-10
Let q(t) = t**2 - 84*t + 1236. What is q(25)?
-239
Let a(d) = -102*d - 719. Calculate a(-11).
403
Let c(h) = 27809*h - 250207. Give c(9).
74
Let t(v) = -v**3 + 63*v**2 + 249*v - 15695. Give t(63).
-8
Let f(i) = -4*i**2 + 254*i - 2581. Give f(51).
-31
Let q(h) = 4044*h - 121165. Calculate q(30).
155
Let h(g) = g**2 + 769*g + 136279. What is h(-492)?
-5
Let r(j) = 78*j - 2497. Calculate r(86).
4211
Let h(m) = -m**3 - 313*m**2 + 1273*m + 1575. Calculate h(-317).
-10
Let g(y) = -16675*y - 3518426. Calculate g(-211).
-1
Let w(p) = -31*p**3 + 131*p**2 - 3*p - 3. Determine w(4).
97
Let i(a) = 328*a + 169245. Determine i(-516).
-3
Let b(j) = -9247*j - 4161166. Determine b(-450).
-16
Let n(u) = 551*u - 6898. What is n(19)?
3571
Let u(g) = g**3 + 18*g**2 - 258*g - 3257. Calculate u(-12).
703
Let v(q) = q**3 - 626*q**2 - 11604*q + 7729. Determine v(644).
1
Let r(w) = 484*w + 92969. Give r(-191).
525
Let c(d) = -17587537*d + 35175073. Calculate c(2).
-1
Let w(p) = -4*p**2 - 174*p + 3824. What is w(-60)?
-136
Let a(t) = 534*t - 10643. Give a(19).
-497
Let r(n) = 109*n + 2974. Determine r(-33).
-623
Let w(p) = 1377*p**2 - 1403165*p + 2001. Calculate w(1019).
-37
Let y(w) = -8*w**2 + 410*w + 5186. Determine y(-14).
-2122
Let o(c) = 12*c**2 - 415*c + 635. Calculate o(33).
8
Let m(d) = -1792*d - 91368. Determine m(-51).
24
Let f(o) = 137*o + 4989. Calculate f(-28).
1153
Let m(x) = 33*x**2 + 888*x - 10678. What is m(9)?
-13
Let d(z) = -z**2 + 931*z - 39011. What is d(44)?
17
Let b(i) = 17*i**2 + 1603*i - 13918. Give b(8).
-6
Let f(z) = -17*z**3 - 1160*z**2 - 141*z + 8917. Give f(-68).
9
Let q(z) = z**3 - 14*z**2 - 1156*z + 17983. What is q(16)?
-1
Let k(w) = -2221*w + 111063. Calculate k(50).
13
Let q(z) = -20*z**2 + 191*z - 156. Give q(15).
-1791
Let b(v) = -4*v**3 + 37*v**2 - 215*v + 1065. Determine b(7).
1
Let m(s) = -1718*s**2 - 27470*s + 280. Determine m(-16).
-8
Let i(b) = -4*b**3 - 10*b**2 + 257*b - 963. Calculate i(6).
-645
Let h(g) = -170500*g + 3068994. Give h(18).
-6
Let o(m) = 7482*m + 366569. What is o(-49)?
-49
Let l(o) = -79597*o - 318385. Calculate l(-4).
3
Let h(z) = z**3 - 9*z**2 + 11*z + 284. Determine h(11).
647
Let k(h) = 432*h + 4679. Determine k(-8).
1223
Let q(i) = -18*i**3 + 85*i**2 + 15*i + 43. Determine q(5).
-7
Let f(o) = -o**2 + 96*o + 3843. Give f(125).
218
Let j(w) = 5*w**2 + 1093*w - 87007. Give j(62).
-21
Let p(c) = -c**3 - 238*c**2 - 4079*c + 17959. Determine p(-219).
1
Let t(b) = 4600*b + 1361631. What is t(-296)?
31
Let a(h) = -29*h - 6809. Calculate a(-239).
122
Let z(l) = -l**3 + 7*l**2 + 68*l - 7. Determine z(13).
-137
Let v(i) = 9*i**3 - 1919*i**2 - 1759*i + 161. What is v(-1)?
-8
Let r(k) = -1969*k + 49170. What is r(25)?
-55
Let w(p) = p**3 + 53*p**2 - 78*p - 1368. Calculate w(-54).
-72
Let w(p) = p**3 - 99*p**2 + 4*p - 269. Give w(99).
127
Let p(c) = 42*c**2 - 119*c - 1055. What is p(-9)?
3418
Let b(w) = -73*w**2 - 1085*w + 4355. What is b(4)?
-1153
Let c(f) = 343*f + 65788. Determine c(-187).
1647
Let h(z) = -3*z**2 + 1112*z - 1849. Calculate h(369).
-4
Let i(o) = 95*o**3 - 68*o**2 - 199*o + 43. Give i(-3).
-2537
Let l(n) = -n**2 + 148*n + 2327. What is l(161)?
234
Let o(z) = 9*z**3 - 389*z**2 + 97*z - 529. Determine o(43).
-56
Let b(p) = 14*p**3 + 7*p**2 + 52*p + 93. Give b(-2).
-95
Let w(y) = -12*y**2 - 1673*y + 2699. What is w(-141)?
20
Let x(a) = -65*a**3 - 17550*a**2 - 247*a - 66692. Calculate x(-270).
-2
Let d(h) = -10*h**3 + 5660*h**2 + 40110*h - 5. What is d(573)?
-5
Let r(y) = y**2 + 872*y - 55113. Calculate r(59).
-184
Let x(j) = 757*j - 59787. Give x(79).
16
Let f(x) = 21352*x + 149429. What is f(-7)?
-35
Let k(r) = r**3 - 161*r**2 + 1213*r + 117. Determine k(8).
29
Let y(v) = -36*v + 675. Give y(-27).
1647
Let a(g) = -6*g**2 - 293*g - 1729. What is a(-35)?
1176
Let g(m) = -83008*m + 166015. Determine g(2).
-1
Let m(c) = -133*c**2 + 6517*c + 74. What is m(49)?
74
Let a(q) = 2*q**3 + 15*q**2 - 839*q + 970. What is a(-25)?
70
Let u(p) = -3*p**3 + 9*p**2 - 331*p + 2243. Determine u(7).
-662
Let q(s) = 3*s**3 - 72*s**2 + 85*s - 471. Calculate q(23).
-103
Let m(b) = -b**2 - 264*b + 2404. What is m(9)?
-53
Let p(f) = -8559*f - 34239. Determine p(-4).
-3
Let s(y) = 14700*y - 102991. Give s(7).
-91
Let u(x) = 7158*x - 7267. Determine u(1).
-109
Let h(n) = -27*n**3 + 704*n**2 + 17*n - 1. Determine h(26).
1793
Let y(i) = 2*i**3 + 1150*i**2 - 4168*i - 1737210. What is y(-576)?
6
Let v(f) = f**3 + 205*f**2 + 321*f - 17390. Calculate v(-203).
-135
Let q(h) = 224014*h + 1120057. Calculate q(-5).
-13
Let k(b) = b**2 + 68020*b - 612254. What is k(9)?
7
Let j(c) = -232*c**3 - 22488*c**2 + 1554*c + 187. Give j(-97).
-7
Let j(h) = 3*h**2 + 839*h + 45925. Calculate j(-205).
5
Let b(j) = 21077*j - 885241. Calculate b(42).
-7
Let v(r) = -2*r**3 - 521*r**2 + 2916*r - 2653. What is v(-266)?
7
Let k(g) = -7*g**3 + 706*g**2 + 69*g + 3238. Give k(101).
6
Let b(t) = -t**3 + 479*t**2 - 17576*t + 6930. What is b(439)?
-94
Let p(q) = 502*q + 106649. Calculate p(-213).
-277
Let p(b) = 2*b**2 - 68*b - 8695. What is p(110)?
8025
Let l(g) = 3071*g - 242623. Determine l(79).
-14
Let j(k) = 73*k**2 - 6*k + 49. Give j(4).
1193
Let t(p) = 3287187*p - 13148738. Give t(4).
10
Let p(o) = 49*o + 4123. Calculate p(-6).
3829
Let r(y) = y**2 + 81*y - 8242. What is r(-139)?
-180
Let d(g) = -g**3 - 1565*g**2 - 13997*g + 59. Give d(-9).
-4
Let c(m) = 4*m**2 + 146*m - 3345. Determine c(16).
15
Let t(z) = -10*z**2 + 3023*z + 57654. Calculate t(-18).
0
Let x(u) = -u**3 - 612*u**2 + 2456*u - 18. Give x(4).
-50
Let r(v) = -9*v**2 - 1372*v - 52246. Determine r(-78).
14
Let t(i) = -4*i**2 + 711*i - 14631. Determine t(24).
129
Let b(j) = -249*j - 8550. What is b(-32)?
-582
Let g(w) = -11*w**3 - 35*w**2 - 11*w + 4. Give g(-3).
19
Let n(c) = c**3 - 46*c**2 + 120*c - 3817. Determine n(45).
-442
Let c(y) = y**2 - 4872*y - 43948. What is c(-9)?
-19
Let u(t) = 27697*t - 166174. What is u(6)?
8
Let u(p) = -p**3 + 168*p**2 + 499*p + 2477. What is u(171)?
8